. Give s(-6).
-507
Let o(n) = 65*n**2 - 576*n - 591. Give o(10).
149
Let s(o) = 4911*o - 34814. Calculate s(7).
-437
Let v(m) = 139*m**2 - 17984*m + 6842. Give v(129).
5
Let h(k) = 2*k**2 - 220*k - 11486. Determine h(-40).
514
Let h(b) = 16*b**2 - 29119*b + 2725960. Give h(99).
-5
Let n(s) = 28*s**2 - 287*s + 724. Give n(4).
24
Let r(s) = 5*s**3 + 201*s**2 - 426*s - 2036. Give r(-42).
-20
Let x(j) = -j**3 + 13*j**2 - 6*j - 152. What is x(15)?
-692
Let o(t) = -5*t**3 - 9*t**2 + 186*t + 513. What is o(-3)?
9
Let q(f) = -2568*f + 64079. Give q(25).
-121
Let x(s) = s**3 + 866*s**2 - 10347*s + 165946. Determine x(-878).
4
Let x(u) = -9*u**3 + 6361*u**2 + 7784*u + 2826. Give x(708).
-6
Let q(r) = r**3 - 121*r**2 + 126. Give q(0).
126
Let a(g) = -g**3 - 153*g**2 + 983*g - 162. Determine a(6).
12
Let q(n) = 42599*n - 42598. What is q(1)?
1
Let p(z) = -59*z + 462. Determine p(17).
-541
Let o(x) = 6*x**3 - 449*x**2 - 7470*x - 160. What is o(-14)?
-48
Let k(r) = 124611*r - 1495347. Give k(12).
-15
Let d(n) = -2*n**3 - 510*n**2 - 1517*n - 1307. Calculate d(-252).
-47
Let k(z) = -2*z**3 + 1070*z**2 - 1004*z - 34121. What is k(534)?
55
Let p(h) = -2*h**3 + 205*h**2 + 315*h + 224. Calculate p(104).
536
Let t(u) = -3667*u - 781059. Give t(-213).
12
Let z(o) = -2054*o + 13806. Determine z(7).
-572
Let i(g) = g**3 - 26*g**2 - 326*g + 9622. Calculate i(27).
1549
Let h(q) = 25626*q - 435730. Determine h(17).
-88
Let t(h) = 64*h**2 + 263*h + 9. Determine t(-4).
-19
Let s(u) = -358*u**2 + 19*u - 15. Give s(1).
-354
Let j(m) = 2*m**3 - 13*m**2 - 49197*m + 295216. Give j(6).
-2
Let w(v) = 211350*v - 35506791. What is w(168)?
9
Let a(o) = 1991*o + 933787. What is a(-469)?
8
Let r(l) = -5*l**3 - 15*l**2 - 464*l - 2299. Determine r(-5).
271
Let f(p) = 99*p - 61. Calculate f(2).
137
Let d(g) = -2681*g + 88494. Give d(33).
21
Let k(u) = 52*u**2 - 6265*u - 37626. Give k(-6).
1836
Let s(t) = 3*t**2 - 603*t + 13017. Give s(183).
3135
Let v(d) = 4*d**3 - 270*d**2 - 48*d - 880. Determine v(68).
5104
Let k(u) = u**3 - 56*u**2 - 237*u + 216. What is k(60)?
396
Let g(m) = 2105*m**2 + 1609*m + 5. Calculate g(-1).
501
Let x(l) = l**3 - 43*l**2 + 406*l + 521. Determine x(19).
-429
Let q(f) = -f**3 + 20*f**2 - 2*f - 2. Determine q(15).
1093
Let p(m) = -m**3 + 24*m**2 - 32*m + 794. Give p(23).
587
Let y(d) = 173*d + 15523. Calculate y(-88).
299
Let a(q) = 93*q**2 - 427*q + 592. Calculate a(2).
110
Let s(j) = -6700*j - 281391. What is s(-42)?
9
Let n(l) = -l**3 + 82*l**2 - 94*l - 4755. What is n(80)?
525
Let a(d) = 150*d**3 - 2250*d**2 + 28*d - 422. Calculate a(15).
-2
Let c(i) = -17497*i - 279821. Calculate c(-16).
131
Let r(n) = 5*n**2 + 55197*n - 386639. Give r(7).
-15
Let b(f) = 32*f**3 - 388*f**2 + 29*f + 144. What is b(12)?
-84
Let y(g) = g**3 - 23*g**2 - 15*g + 571. What is y(20)?
-929
Let m(a) = -11*a**2 + 1387*a - 2771. Calculate m(2).
-41
Let k(w) = 213*w - 39455. Determine k(188).
589
Let y(a) = -3*a**3 - a**2 + 88*a - 384. Determine y(6).
-540
Let k(o) = -19712*o - 611082. Calculate k(-31).
-10
Let d(i) = -i**3 - 60*i**2 + 423*i + 142. What is d(-66)?
-1640
Let d(f) = 2*f**3 + 1465*f**2 - 83269*f + 268. Give d(53).
-50
Let n(o) = o**3 - 263*o**2 - 20147*o - 928. Give n(325).
47
Let c(k) = -181*k**2 - 21156*k - 139217. Determine c(-7).
6
Let d(c) = 8*c**3 - 789*c**2 - 1095*c - 149. Calculate d(100).
351
Let l(s) = -s**3 - 361*s**2 + 371*s + 2871. Calculate l(-362).
-387
Let o(l) = -l**2 + 875*l + 64142. Calculate o(-68).
18
Let z(c) = -1504*c + 53196. Determine z(35).
556
Let s(f) = 33*f**2 - 2104*f + 4095. Give s(2).
19
Let n(j) = j**3 + 7*j**2 - 2285*j - 6931. What is n(-3)?
-40
Let f(n) = 595*n - 5557. Calculate f(11).
988
Let b(o) = -7160*o + 1281631. Give b(179).
-9
Let j(t) = -313*t**2 + 10949*t + 39. Give j(35).
-171
Let i(p) = 880*p**2 - 181*p + 178. Give i(1).
877
Let l(b) = 279*b - 43676. Give l(156).
-152
Let i(y) = 1669*y - 40742. What is i(24)?
-686
Let f(k) = 2*k**3 - 24*k**2 - 912*k + 10272. Give f(11).
-2
Let i(p) = -28*p**3 - 152*p**2 + 19*p + 121. What is i(-6)?
583
Let t(q) = -16*q**3 + 308*q**2 - 80*q + 117. What is t(19)?
41
Let s(c) = 460*c + 2865. Calculate s(-2).
1945
Let c(m) = 37600*m + 150410. Calculate c(-4).
10
Let q(w) = -135*w**2 + 131578*w + 131579. Determine q(-1).
-134
Let o(y) = 3*y**2 - 396*y - 10202. What is o(152)?
-1082
Let c(l) = -32*l**2 - 1377*l - 13838. Calculate c(-16).
2
Let j(n) = 1449*n - 26160. What is j(18)?
-78
Let l(c) = 3*c**2 - 74*c - 695. What is l(31)?
-106
Let f(l) = 2*l**3 + 7*l**2 - 55*l + 28. Determine f(-8).
-108
Let j(b) = -70*b**2 - 135*b - 534. Determine j(-3).
-759
Let l(q) = -62*q**3 - 15191*q**2 - 319*q - 18130. What is l(-245)?
0
Let p(q) = -38461*q + 269468. What is p(7)?
241
Let n(o) = -280*o - 1692. Calculate n(-5).
-292
Let i(k) = -74*k**2 - 1060*k + 727. What is i(-15)?
-23
Let v(b) = b**3 - 11*b**2 - 30*b + 374. Give v(11).
44
Let f(p) = -2*p**3 - 204*p**2 + 67758*p - 486. What is f(-242)?
-2
Let h(d) = 48*d**3 - 527*d**2 - 107. Determine h(11).
14
Let s(b) = -7*b**3 - 230*b**2 - 170*b - 121. Calculate s(-32).
-825
Let b(s) = -202*s + 19438. Calculate b(98).
-358
Let h(g) = g**3 - 12*g**2 - 411*g - 112. Calculate h(-15).
-22
Let b(m) = 181350*m + 1632157. Determine b(-9).
7
Let l(i) = 6904*i - 41127. Give l(6).
297
Let l(v) = -v**3 - 173*v**2 - 537*v - 4591. What is l(-170)?
-1
Let d(o) = 292600*o - 2926017. Give d(10).
-17
Let p(c) = -134*c**2 + 1243*c + 2561. Give p(11).
20
Let j(c) = -30*c**2 - 666*c - 3692. What is j(-11)?
4
Let w(x) = 74017*x + 444129. Give w(-6).
27
Let l(w) = -w**3 + 10*w**2 + 57*w + 728. Give l(17).
-326
Let u(b) = -609*b - 88505. Calculate u(-145).
-200
Let z(h) = 6553*h**2 - 6538*h - 13. Give z(1).
2
Let m(q) = -59*q**3 + 235*q**2 + 36*q - 123. Determine m(4).
5
Let d(h) = -13*h**2 + 39*h - 3. Determine d(-3).
-237
Let g(x) = -46*x**2 + 3494*x + 183. Calculate g(76).
31
Let f(h) = 7707*h - 1765009. Calculate f(229).
-106
Let h(s) = s**3 + 5*s**2 - 1664*s - 9. Give h(0).
-9
Let d(u) = -104*u**2 + 66878*u - 3861. Determine d(643).
-3
Let g(p) = -p**3 + 24098*p**2 - 72288*p + 1. Calculate g(3).
-8
Let p(y) = -5884*y**3 + 5873*y**2 + 8*y - 7. Calculate p(1).
-10
Let p(g) = 3*g**2 + 125768*g + 2514156. What is p(-20)?
-4
Let s(p) = -5*p**3 + 8*p**2 + 25*p + 41. What is s(-3)?
173
Let n(u) = 67273*u + 1345467. Calculate n(-20).
7
Let s(f) = f**3 + 98*f**2 + 1535*f + 691. Determine s(-19).
45
Let s(t) = 20582*t + 34. Give s(0).
34
Let a(z) = 1025*z + 12717. Determine a(-12).
417
Let h(o) = 9*o**2 + 932*o - 4555. What is h(5)?
330
Let q(b) = 5*b**3 - 88*b**2 - 230*b - 193. What is q(20)?
7
Let h(k) = 4*k**2 + 197*k - 8243. Give h(27).
-8
Let k(o) = 2*o**3 - 1136*o**2 + 1175*o - 23236. Determine k(567).
11
Let c(d) = 107*d**2 + 3096*d + 103. Give c(-29).
306
Let p(b) = -10684*b + 363927. Give p(34).
671
Let c(d) = 1079*d**2 - 5386*d - 41. Determine c(5).
4
Let m(l) = l**2 + 168*l - 7866. Determine m(38).
-38
Let t(d) = 6*d**2 - 766*d - 57466. What is t(-53)?
-14
Let a(k) = 2239*k**2 + 4186*k + 7. What is a(-2)?
591
Let o(l) = 10498*l - 180814. Calculate o(17).
-2348
Let q(d) = 4*d**3 + 61*d**2 - 385*d - 1. Give q(5).
99
Let z(c) = c**2 + 2582*c + 28451. What is z(-11)?
170
Let y(q) = 77*q**3 + 2*q**2 + 47*q + 5. What is y(-2)?
-697
Let x(f) = -146*f**3 + 41*f**2 + 8*f - 256. Calculate x(0).
-256
Let p(o) = -o**3 + 54*o**2 - 121*o + 88. Determine p(52).
-796
Let w(n) = -7*n**2 - 323*n - 3486. Calculate w(-11).
-780
Let t(c) = 22629*c + 973060. Calculate t(-43).
13
Let h(n) = 581*n**3 - 12*n**2 + 2*n + 14. What is h(-1)?
-581
Let z(u) = -13575*u - 271231. Determine z(-20).
269
Let o(y) = 137109*y - 685369. Calculate o(5).
176
Let r(n) = -6*n**3 - 439*n**2 + 936*n - 91. Determine r(2).
-23
Let y(n) = 11868*n + 83358. Give y(-7).
282
Let l(n) = -n**3 - 606*n**2 + 3575*n - 59354. Determine l(-612).
10
Let a(t) = -16*t**2 - 1480*t + 4432. Give a(3).
-152
Let o(v) = -5250*v + 5296. Calculate o(1).
46
Let a(x) = -17*x**2 + 197*x - 1. Determine a(-4).
-1061
Let r(w) = 219*w**2 + 665*w + 42. Determine r(3).
4008
Let l(b) = -43909*b - 614687. What is l(-14)?
39
Let s(o) = -o**2 + 96561*o - 386240. Calculate s(4).
-12
Let p(h) = -3887*h + 34957. Calculate p(9).
-26
Let j(c) = -31*c**3 - 1581*